{"id":2548,"date":"2012-04-14T13:30:49","date_gmt":"2012-04-14T11:30:49","guid":{"rendered":"http:\/\/www.2x3.pl\/?page_id=2548"},"modified":"2024-11-28T14:59:05","modified_gmt":"2024-11-28T13:59:05","slug":"przetargi","status":"publish","type":"page","link":"https:\/\/www.2x3.pl\/pl\/przetargi\/","title":{"rendered":"Archiwum przetarg\u00f3w"},"content":{"rendered":"\r\n<p><strong>Zam\u00f3wienia publiczne<\/strong><\/p>\r\n\r\n\r\n\r\n<h3 class=\"wp-block-heading\">Bie\u017c\u0105ce (aktualne):<\/h3>\r\n\r\n\r\n\r\n<h4 class=\"wp-block-heading\">2021<\/h4>\r\n\r\n\r\n\r\n<p>brak<\/p>\r\n\r\n\r\n<hr class=\"wp-block-separator\">\r\n\r\n\r\n<h3 class=\"wp-block-heading\">Archiwalne (nieaktualne):<\/h3>\r\n\r\n\r\n\r\n<h4 class=\"wp-block-heading\">2019<\/h4>\r\n<p>Zwracamy si\u0119 z pro\u015bb\u0105 o przedstawienie ofert cenowych na <strong>wykonanie fundament\u00f3w \u017celbetonowych wiaty magazynowej<\/strong> zgodnie z za\u0142\u0105czonym projektem. (projekt pdf poni\u017cej)<\/p>\r\n<h4>\r\n\r\n<\/h4>\r\n<p><a href=\"https:\/\/www.2x3.pl\/wp-content\/uploads\/2019\/03\/RZUT-FUNDAMENT\u00d3W08-11-2018.pdf\">projekt-RZUT-FUNDAMENT\u00d3W08-11-2018.pdf<\/a><\/p>\r\n<h4>\r\n\r\n<\/h4>\r\n<p><strong>Miejsce realizowanej inwestycji: <\/strong><\/p>\r\n<h4>\r\n\r\n<\/h4>\r\n<p>Krz\u0119cin 73-231, ul. S\u0142oneczna 3, dzia\u0142ka nr 211\/1 \u2013 215\/1.<\/p>\r\n<h4>\r\n\r\n<\/h4>\r\n<p><strong>Prosimy o podanie:<\/strong><\/p>\r\n<h4>\r\n\r\n<\/h4>\r\n<p>&#8211; terminu realizacji zam\u00f3wienia, <br>&#8211; warunk\u00f3w p\u0142atno\u015bci, <br>&#8211; okresu gwarancji<\/p>\r\n<h4>\r\n\r\n<\/h4>\r\n<p>Termin sk\u0142adania ofert, do dnia 15.03.2019. <br>Termin og\u0142oszenia wyboru oferty do dnia 31.03.2019.<\/p>\r\n<h4>\r\n\r\n<\/h4>\r\n<p>Inwestor zastrzega sobie prawo uniewa\u017cnienia przetargu bez podania przyczyny lub zako\u0144czenia przetargu bez wyboru kt\u00f3rejkolwiek z ofert.<\/p>\r\n<h4>\r\n\r\n<\/h4>\r\n<p>Data publikacji: 2019-03-04<\/p>\r\n<h4>2016<\/h4>\r\n\r\n\r\n\r\n<ul class=\"wp-block-list\">\r\n<li>Zapytanie ofertowe w sprawie zam\u00f3wienia na <strong>drukark\u0119<\/strong><br><small>Data publikacji: 2016-10-25<\/small>\r\n<p>&nbsp;<\/p>\r\n<ul>\r\n<li>Protok\u00f3\u0142 wyboru wykonawcy<br><small>Data publikacji: 2016-12-01<\/small><\/li>\r\n<\/ul>\r\n<\/li>\r\n<li>Zapytanie ofertowe w sprawie zam\u00f3wienia na <strong>zestaw automatycznych podajnik\u00f3w, montowanych przy piecach (sto\u0142y no\u017cycowe\/p\u00f3\u0142automatyka w sto\u0142ach).<\/strong><br><small>Data publikacji: 2016-08-12<\/small>\r\n<p>&nbsp;<\/p>\r\n<ul>\r\n<li>Protok\u00f3\u0142 wyboru wykonawcy<br><small>Data publikacji: 2016-10-26<\/small><\/li>\r\n<\/ul>\r\n<\/li>\r\n<li>Protok\u00f3\u0142 wyboru wykonawcy<br><small>Data publikacji: 2016-08-12<\/small>\r\n<p>&nbsp;<\/p>\r\n<ul>\r\n<li>Protok\u00f3\u0142 wyboru wykonawcy<br><small>Data publikacji: 2016-10-05<\/small><\/li>\r\n<\/ul>\r\n<\/li>\r\n<li>Zapytanie ofertowe w sprawie zam\u00f3wienia na <strong>w\u00f3zek wid\u0142owy typu wielokierunkowego<\/strong><br><small>Data publikacji: 2016-07-05<\/small>\r\n<p>&nbsp;<\/p>\r\n<ul>\r\n<li>Protok\u00f3\u0142 wyboru wykonawcy<br><small>Data publikacji: 2016-07-25<\/small><\/li>\r\n<\/ul>\r\n<\/li>\r\n<li>Zapytanie ofertowe w sprawie zam\u00f3wienia na <strong>chwytak pr\u00f3\u017cniowy z \u017curawiem<\/strong><br><small>Data publikacji: 2016-07-05<\/small>\r\n<p>&nbsp;<\/p>\r\n<ul>\r\n<li>Protok\u00f3\u0142 wyboru wykonawcy<br><small>Data publikacji: 2016-07-25<\/small><\/li>\r\n<\/ul>\r\n<\/li>\r\n<li>Zapytanie ofertowe w sprawie zam\u00f3wienia na <strong>formatyzerk\u0119 (pi\u0142a dwug\u0142owicowa) do aluminium<\/strong><br><small>Data publikacji: 2016-06-23<\/small>\r\n<p>&nbsp;<\/p>\r\n<ul>\r\n<li>Protok\u00f3\u0142 wyboru wykonawcy<br><small>Data publikacji: 2016-07-05<\/small><\/li>\r\n<\/ul>\r\n<\/li>\r\n<li>Zapytanie ofertowe w sprawie zam\u00f3wienia na <strong>stojaki do forstnera<\/strong><br><small>Data publikacji: 2016-04-14<\/small>\r\n<p>&nbsp;<\/p>\r\n<ul>\r\n<li>Protok\u00f3\u0142 wyboru wykonawcy<br><small>Data publikacji: 2016-04-28<\/small><\/li>\r\n<\/ul>\r\n<\/li>\r\n<li>Zapytanie ofertowe na <strong>us\u0142ug\u0119 przygotowania dokumentacji projektowej oraz na budow\u0119 hali produkcyjno-magazynowej z cz\u0119\u015bci\u0105 socjalno-sanitarn\u0105 wraz z towarzysz\u0105c\u0105 infrastruktur\u0105 w Krz\u0119cinie <\/strong><br><small>Data publikacji: 2016-03-31<\/small>\r\n<p>&nbsp;<\/p>\r\n<ul>\r\n<li>Protok\u00f3\u0142 wyboru wykonawcy<br><small>Data publikacji: 2016-04-26<\/small><\/li>\r\n<\/ul>\r\n<\/li>\r\n<\/ul>\r\n\r\n\r\n\r\n<ul class=\"wp-block-list\">\r\n<li>Zapytanie ofertowe w sprawie zam\u00f3wienia na <strong>w\u00f3zek elektryczny z masztem ud\u017awig 1 T<\/strong><br><small>Data publikacji: 2016-03-29<\/small>\r\n<p>&nbsp;<\/p>\r\n<ul>\r\n<li>Protok\u00f3\u0142 wyboru wykonawcy<br><small>Data publikacji: 2016-04-14<\/small>\r\n<p>&nbsp;<\/p>\r\n<ul>\r\n<li>Sprostowanie<br><small>Data publikacji: 2016-04-20<\/small><\/li>\r\n<\/ul>\r\n<\/li>\r\n<li>Protok\u00f3\u0142 wyboru wykonawcy<br><small>Data publikacji: 2016-04-20<\/small><\/li>\r\n<\/ul>\r\n<\/li>\r\n<li>Zapytanie ofertowe w sprawie zam\u00f3wienia na <strong>w\u00f3zki do transportu szk\u0142a<\/strong><br><small>Data publikacji: 2016-03-29<\/small>\r\n<p>&nbsp;<\/p>\r\n<ul>\r\n<li>Protok\u00f3\u0142 wyboru wykonawcy<br><small>Data publikacji: 2016-04-14<\/small><\/li>\r\n<\/ul>\r\n<\/li>\r\n<li>Zapytanie ofertowe w sprawie zam\u00f3wienia na <strong>mobiln\u0105 owijark\u0119 samojezdn\u0105<\/strong><br><small>Data publikacji: 2016-03-29<\/small>\r\n<p>&nbsp;<\/p>\r\n<ul>\r\n<li>Protok\u00f3\u0142 wyboru wykonawcy<br><small>Data publikacji: 2016-04-14<\/small><\/li>\r\n<\/ul>\r\n<\/li>\r\n<li>Zapytanie ofertowe w sprawie zam\u00f3wienia na <strong>rega\u0142y magazynowe<\/strong><br><small>Data publikacji: 2016-03-29<\/small>\r\n<p>&nbsp;<\/p>\r\n<ul>\r\n<li>Protok\u00f3\u0142 wyboru wykonawcy<br><small>Data publikacji: 2016-04-14<\/small><\/li>\r\n<\/ul>\r\n<\/li>\r\n<li>Zapytanie ofertowe w sprawie zam\u00f3wienia na <strong>maszyn\u0119 do produkcji opakowa\u0144<\/strong><br><small>Data publikacji: 2016-03-29<\/small>\r\n<p>&nbsp;<\/p>\r\n<ul>\r\n<li>Protok\u00f3\u0142 wyboru wykonawcy<br><small>Data publikacji: 2016-04-14<\/small><\/li>\r\n<\/ul>\r\n<\/li>\r\n<li>Zapytanie ofertowe w sprawie zam\u00f3wienia na <strong>spr\u0119\u017cark\u0119 \u015brubow\u0105 z wbudowanym zbiornikiem spr\u0119\u017conego powietrza<\/strong><br><small>Data publikacji: 2016-03-29<\/small>\r\n<p>&nbsp;<\/p>\r\n<ul>\r\n<li>Protok\u00f3\u0142 wyboru wykonawcy<br><small>Data publikacji: 2016-04-14<\/small><\/li>\r\n<\/ul>\r\n<\/li>\r\n<li>Zapytanie ofertowe w sprawie zam\u00f3wienia na <strong>pras\u0119 hydrauliczn\u0105 z oprzyrz\u0105dowaniem<\/strong><br><small>Data publikacji: 2016-03-29<\/small>\r\n<p>&nbsp;<\/p>\r\n<ul>\r\n<li>Protok\u00f3\u0142 wyboru wykonawcy<br><small>Data publikacji: 2016-04-14<\/small><\/li>\r\n<\/ul>\r\n<\/li>\r\n<li>Zapytanie ofertowe w sprawie zam\u00f3wienia na <strong>linii do klejenia<\/strong><br><small>Data publikacji: 2016-03-29<\/small>\r\n<p>&nbsp;<\/p>\r\n<ul>\r\n<li>Protok\u00f3\u0142 wyboru wykonawcy<br><small>Data publikacji: 2016-04-14<\/small><\/li>\r\n<\/ul>\r\n<\/li>\r\n<\/ul>\r\n\r\n\r\n\r\n<h4 class=\"wp-block-heading\">2011<\/h4>\r\n\r\n\r\n\r\n<ul class=\"wp-block-list\">\r\n<li>Zapytanie ofertowe w sprawie zam\u00f3wienia na <strong>lini\u0119 do wytwarzania paneli<\/strong><br><small>Data publikacji: 2011-12-29<\/small><\/li>\r\n<\/ul>\r\n\r\n\r\n\r\n<ul class=\"wp-block-list\">\r\n<li>Protok\u00f3\u0142 wyboru wykonawcy<br><small>Data publikacji: 2012-04-02<\/small><\/li>\r\n<li>Zapytanie ofertowe w sprawie zam\u00f3wienia na <strong>lini\u0119 do ci\u0119cia poprzecznego<\/strong><br><small>Data publikacji: 2011-12-01<\/small>\r\n<p>&nbsp;<\/p>\r\n<ul>\r\n<li>Protok\u00f3\u0142 wyboru wykonawcy<br><small>Data publikacji: 2012-01-04<\/small><\/li>\r\n<\/ul>\r\n<\/li>\r\n<li>Zapytanie ofertowe w sprawie zam\u00f3wienia na <strong>pras\u0119 hydropneumatyczn\u0105<\/strong><br><small>Data publikacji: 2011-08-29<\/small>\r\n<p>&nbsp;<\/p>\r\n<ul>\r\n<li>Protok\u00f3\u0142 wyboru wykonawcy<br><small>Data publikacji: 2011-09-30<\/small><\/li>\r\n<\/ul>\r\n<\/li>\r\n<li>Zapytanie ofertowe w sprawie zam\u00f3wienia na <strong>centrum frezuj\u0105ce<\/strong><br><small>Data publikacji: 2011-08-29<\/small>\r\n<p>&nbsp;<\/p>\r\n<ul>\r\n<li>Protok\u00f3\u0142 wyboru wykonawcy<br><small>Data publikacji: 2011-09-30<\/small><\/li>\r\n<\/ul>\r\n<\/li>\r\n<li>Zapytanie ofertowe w sprawie zam\u00f3wienia na <strong>budow\u0119 hali produkcyjnej<\/strong> oraz <strong>budynku socjalno-biurowego<\/strong><br><small>Data publikacji: 2011-05-16<\/small>\r\n<p>&nbsp;<\/p>\r\n<ul>\r\n<li>Protok\u00f3\u0142 wyboru wykonawcy<br><small>Data publikacji: 2011-07-01<\/small><\/li>\r\n<\/ul>\r\n<\/li>\r\n<li>Zapytanie ofertowe w sprawie zam\u00f3wienia na <strong>robot pakuj\u0105cy<\/strong><br><small>Data publikacji: 2011-04-01<\/small>\r\n<p>&nbsp;<\/p>\r\n<ul>\r\n<li>Protok\u00f3\u0142 wyboru wykonawcy<br><small>Data publikacji: 2011-07-01<\/small><\/li>\r\n<\/ul>\r\n<\/li>\r\n<li>Zapytanie ofertowe w sprawie zam\u00f3wienia na <strong>zgrzewark\u0119 liniow\u0105<\/strong><br><small>Data publikacji: 2011-04-01<\/small>\r\n<p>&nbsp;<\/p>\r\n<ul>\r\n<li>Protok\u00f3\u0142 wyboru wykonawcy<br><small>Data publikacji: 2011-07-01<\/small><\/li>\r\n<\/ul>\r\n<\/li>\r\n<\/ul>\r\n","protected":false},"excerpt":{"rendered":"","protected":false},"author":18,"featured_media":9230,"parent":0,"menu_order":0,"comment_status":"closed","ping_status":"closed","template":"","meta":{"ngg_post_thumbnail":0,"footnotes":""},"class_list":["post-2548","page","type-page","status-publish","has-post-thumbnail","hentry"],"_links":{"self":[{"href":"https:\/\/www.2x3.pl\/pl\/wp-json\/wp\/v2\/pages\/2548","targetHints":{"allow":["GET"]}}],"collection":[{"href":"https:\/\/www.2x3.pl\/pl\/wp-json\/wp\/v2\/pages"}],"about":[{"href":"https:\/\/www.2x3.pl\/pl\/wp-json\/wp\/v2\/types\/page"}],"author":[{"embeddable":true,"href":"https:\/\/www.2x3.pl\/pl\/wp-json\/wp\/v2\/users\/18"}],"replies":[{"embeddable":true,"href":"https:\/\/www.2x3.pl\/pl\/wp-json\/wp\/v2\/comments?post=2548"}],"version-history":[{"count":2,"href":"https:\/\/www.2x3.pl\/pl\/wp-json\/wp\/v2\/pages\/2548\/revisions"}],"predecessor-version":[{"id":15016,"href":"https:\/\/www.2x3.pl\/pl\/wp-json\/wp\/v2\/pages\/2548\/revisions\/15016"}],"wp:featuredmedia":[{"embeddable":true,"href":"https:\/\/www.2x3.pl\/pl\/wp-json\/wp\/v2\/media\/9230"}],"wp:attachment":[{"href":"https:\/\/www.2x3.pl\/pl\/wp-json\/wp\/v2\/media?parent=2548"}],"curies":[{"name":"wp","href":"https:\/\/api.w.org\/{rel}","templated":true}]}}

Archiwum przetargów

<p><strong>Zamówienia publiczne</strong></p>



<h3 class="wp-block-heading">Bieżące (aktualne):</h3>



<h4 class="wp-block-heading">2021</h4>



<p>brak</p>


<hr class="wp-block-separator">


<h3 class="wp-block-heading">Archiwalne (nieaktualne):</h3>



<h4 class="wp-block-heading">2019</h4>
<p>Zwracamy się z prośbą o przedstawienie ofert cenowych na <strong>wykonanie fundamentów żelbetonowych wiaty magazynowej</strong> zgodnie z załączonym projektem. (projekt pdf poniżej)</p>
<h4>

</h4>
<p><a href="https://www.2x3.pl/wp-content/uploads/2019/03/RZUT-FUNDAMENTÓW08-11-2018.pdf">projekt-RZUT-FUNDAMENTÓW08-11-2018.pdf</a></p>
<h4>

</h4>
<p><strong>Miejsce realizowanej inwestycji: </strong></p>
<h4>

</h4>
<p>Krzęcin 73-231, ul. Słoneczna 3, działka nr 211/1 – 215/1.</p>
<h4>

</h4>
<p><strong>Prosimy o podanie:</strong></p>
<h4>

</h4>
<p>&#8211; terminu realizacji zamówienia, <br>&#8211; warunków płatności, <br>&#8211; okresu gwarancji</p>
<h4>

</h4>
<p>Termin składania ofert, do dnia 15.03.2019. <br>Termin ogłoszenia wyboru oferty do dnia 31.03.2019.</p>
<h4>

</h4>
<p>Inwestor zastrzega sobie prawo unieważnienia przetargu bez podania przyczyny lub zakończenia przetargu bez wyboru którejkolwiek z ofert.</p>
<h4>

</h4>
<p>Data publikacji: 2019-03-04</p>
<h4>2016</h4>



<ul class="wp-block-list">
<li>Zapytanie ofertowe w sprawie zamówienia na <strong>drukarkę</strong><br><small>Data publikacji: 2016-10-25</small>
<p>&nbsp;</p>
<ul>
<li>Protokół wyboru wykonawcy<br><small>Data publikacji: 2016-12-01</small></li>
</ul>
</li>
<li>Zapytanie ofertowe w sprawie zamówienia na <strong>zestaw automatycznych podajników, montowanych przy piecach (stoły nożycowe/półautomatyka w stołach).</strong><br><small>Data publikacji: 2016-08-12</small>
<p>&nbsp;</p>
<ul>
<li>Protokół wyboru wykonawcy<br><small>Data publikacji: 2016-10-26</small></li>
</ul>
</li>
<li>Protokół wyboru wykonawcy<br><small>Data publikacji: 2016-08-12</small>
<p>&nbsp;</p>
<ul>
<li>Protokół wyboru wykonawcy<br><small>Data publikacji: 2016-10-05</small></li>
</ul>
</li>
<li>Zapytanie ofertowe w sprawie zamówienia na <strong>wózek widłowy typu wielokierunkowego</strong><br><small>Data publikacji: 2016-07-05</small>
<p>&nbsp;</p>
<ul>
<li>Protokół wyboru wykonawcy<br><small>Data publikacji: 2016-07-25</small></li>
</ul>
</li>
<li>Zapytanie ofertowe w sprawie zamówienia na <strong>chwytak próżniowy z żurawiem</strong><br><small>Data publikacji: 2016-07-05</small>
<p>&nbsp;</p>
<ul>
<li>Protokół wyboru wykonawcy<br><small>Data publikacji: 2016-07-25</small></li>
</ul>
</li>
<li>Zapytanie ofertowe w sprawie zamówienia na <strong>formatyzerkę (piła dwugłowicowa) do aluminium</strong><br><small>Data publikacji: 2016-06-23</small>
<p>&nbsp;</p>
<ul>
<li>Protokół wyboru wykonawcy<br><small>Data publikacji: 2016-07-05</small></li>
</ul>
</li>
<li>Zapytanie ofertowe w sprawie zamówienia na <strong>stojaki do forstnera</strong><br><small>Data publikacji: 2016-04-14</small>
<p>&nbsp;</p>
<ul>
<li>Protokół wyboru wykonawcy<br><small>Data publikacji: 2016-04-28</small></li>
</ul>
</li>
<li>Zapytanie ofertowe na <strong>usługę przygotowania dokumentacji projektowej oraz na budowę hali produkcyjno-magazynowej z częścią socjalno-sanitarną wraz z towarzyszącą infrastrukturą w Krzęcinie </strong><br><small>Data publikacji: 2016-03-31</small>
<p>&nbsp;</p>
<ul>
<li>Protokół wyboru wykonawcy<br><small>Data publikacji: 2016-04-26</small></li>
</ul>
</li>
</ul>



<ul class="wp-block-list">
<li>Zapytanie ofertowe w sprawie zamówienia na <strong>wózek elektryczny z masztem udźwig 1 T</strong><br><small>Data publikacji: 2016-03-29</small>
<p>&nbsp;</p>
<ul>
<li>Protokół wyboru wykonawcy<br><small>Data publikacji: 2016-04-14</small>
<p>&nbsp;</p>
<ul>
<li>Sprostowanie<br><small>Data publikacji: 2016-04-20</small></li>
</ul>
</li>
<li>Protokół wyboru wykonawcy<br><small>Data publikacji: 2016-04-20</small></li>
</ul>
</li>
<li>Zapytanie ofertowe w sprawie zamówienia na <strong>wózki do transportu szkła</strong><br><small>Data publikacji: 2016-03-29</small>
<p>&nbsp;</p>
<ul>
<li>Protokół wyboru wykonawcy<br><small>Data publikacji: 2016-04-14</small></li>
</ul>
</li>
<li>Zapytanie ofertowe w sprawie zamówienia na <strong>mobilną owijarkę samojezdną</strong><br><small>Data publikacji: 2016-03-29</small>
<p>&nbsp;</p>
<ul>
<li>Protokół wyboru wykonawcy<br><small>Data publikacji: 2016-04-14</small></li>
</ul>
</li>
<li>Zapytanie ofertowe w sprawie zamówienia na <strong>regały magazynowe</strong><br><small>Data publikacji: 2016-03-29</small>
<p>&nbsp;</p>
<ul>
<li>Protokół wyboru wykonawcy<br><small>Data publikacji: 2016-04-14</small></li>
</ul>
</li>
<li>Zapytanie ofertowe w sprawie zamówienia na <strong>maszynę do produkcji opakowań</strong><br><small>Data publikacji: 2016-03-29</small>
<p>&nbsp;</p>
<ul>
<li>Protokół wyboru wykonawcy<br><small>Data publikacji: 2016-04-14</small></li>
</ul>
</li>
<li>Zapytanie ofertowe w sprawie zamówienia na <strong>sprężarkę śrubową z wbudowanym zbiornikiem sprężonego powietrza</strong><br><small>Data publikacji: 2016-03-29</small>
<p>&nbsp;</p>
<ul>
<li>Protokół wyboru wykonawcy<br><small>Data publikacji: 2016-04-14</small></li>
</ul>
</li>
<li>Zapytanie ofertowe w sprawie zamówienia na <strong>prasę hydrauliczną z oprzyrządowaniem</strong><br><small>Data publikacji: 2016-03-29</small>
<p>&nbsp;</p>
<ul>
<li>Protokół wyboru wykonawcy<br><small>Data publikacji: 2016-04-14</small></li>
</ul>
</li>
<li>Zapytanie ofertowe w sprawie zamówienia na <strong>linii do klejenia</strong><br><small>Data publikacji: 2016-03-29</small>
<p>&nbsp;</p>
<ul>
<li>Protokół wyboru wykonawcy<br><small>Data publikacji: 2016-04-14</small></li>
</ul>
</li>
</ul>



<h4 class="wp-block-heading">2011</h4>



<ul class="wp-block-list">
<li>Zapytanie ofertowe w sprawie zamówienia na <strong>linię do wytwarzania paneli</strong><br><small>Data publikacji: 2011-12-29</small></li>
</ul>



<ul class="wp-block-list">
<li>Protokół wyboru wykonawcy<br><small>Data publikacji: 2012-04-02</small></li>
<li>Zapytanie ofertowe w sprawie zamówienia na <strong>linię do cięcia poprzecznego</strong><br><small>Data publikacji: 2011-12-01</small>
<p>&nbsp;</p>
<ul>
<li>Protokół wyboru wykonawcy<br><small>Data publikacji: 2012-01-04</small></li>
</ul>
</li>
<li>Zapytanie ofertowe w sprawie zamówienia na <strong>prasę hydropneumatyczną</strong><br><small>Data publikacji: 2011-08-29</small>
<p>&nbsp;</p>
<ul>
<li>Protokół wyboru wykonawcy<br><small>Data publikacji: 2011-09-30</small></li>
</ul>
</li>
<li>Zapytanie ofertowe w sprawie zamówienia na <strong>centrum frezujące</strong><br><small>Data publikacji: 2011-08-29</small>
<p>&nbsp;</p>
<ul>
<li>Protokół wyboru wykonawcy<br><small>Data publikacji: 2011-09-30</small></li>
</ul>
</li>
<li>Zapytanie ofertowe w sprawie zamówienia na <strong>budowę hali produkcyjnej</strong> oraz <strong>budynku socjalno-biurowego</strong><br><small>Data publikacji: 2011-05-16</small>
<p>&nbsp;</p>
<ul>
<li>Protokół wyboru wykonawcy<br><small>Data publikacji: 2011-07-01</small></li>
</ul>
</li>
<li>Zapytanie ofertowe w sprawie zamówienia na <strong>robot pakujący</strong><br><small>Data publikacji: 2011-04-01</small>
<p>&nbsp;</p>
<ul>
<li>Protokół wyboru wykonawcy<br><small>Data publikacji: 2011-07-01</small></li>
</ul>
</li>
<li>Zapytanie ofertowe w sprawie zamówienia na <strong>zgrzewarkę liniową</strong><br><small>Data publikacji: 2011-04-01</small>
<p>&nbsp;</p>
<ul>
<li>Protokół wyboru wykonawcy<br><small>Data publikacji: 2011-07-01</small></li>
</ul>
</li>
</ul>
